7
What are the prime factors of 26866259?
7, 548291
What are the prime factors of 124044069?
3, 821, 50363
List the prime factors of 143750629.
11, 2647, 4937
What are the prime factors of 1290856662?
2, 3, 2203, 3617
What are the prime factors of 1631940096?
2, 3, 19, 199, 281
List the prime factors of 61055474.
2, 19, 1606723
List the prime factors of 4273744793.
23, 185814991
What are the prime factors of 479308969?
307, 1561267
List the prime factors of 90464414.
2, 45232207
What are the prime factors of 1032536451?
3, 167, 409, 5039
List the prime factors of 306396704.
2, 37, 251, 1031
What are the prime factors of 21166072?
2, 23, 37, 3109
List the prime factors of 866849435.
5, 31, 47, 257, 463
What are the prime factors of 279251522?
2, 11, 12693251
List the prime factors of 37358799.
3, 53, 234961
List the prime factors of 49416718.
2, 13, 43, 44201
List the prime factors of 234030334.
2, 19, 1231, 5003
What are the prime factors of 35066555?
5, 7013311
What are the prime factors of 243787615?
5, 48757523
What are the prime factors of 67851085?
5, 13570217
What are the prime factors of 181842174?
2, 3, 103, 98081
List the prime factors of 36062629.
59, 193, 3167
What are the prime factors of 587271882?
2, 3, 8311, 11777
List the prime factors of 23869455.
3, 5, 79, 20143
List the prime factors of 40335681.
3, 31, 179, 2423
List the prime factors of 38273051.
79, 269, 1801
List the prime factors of 41851584.
2, 3, 113, 643
What are the prime factors of 1258285924?
2, 7, 367, 122449
List the prime factors of 137155008.
2, 3, 714349
List the prime factors of 5829200242.
2, 3163, 921467
What are the prime factors of 511853596?
2, 29, 43, 89, 1153
What are the prime factors of 748538433?
3, 83170937
What are the prime factors of 1122954300?
2, 3, 5, 13, 23, 107
List the prime factors of 2356099919.
2356099919
List the prime factors of 6119974476.
2, 3, 7, 11, 2207783
List the prime factors of 3665374697.
37, 99064181
What are the prime factors of 88387201?
7, 12626743
What are the prime factors of 24941032?
2, 43, 72503
What are the prime factors of 83819506?
2, 283, 148091
List the prime factors of 3645184739.
7, 23, 22640899
List the prime factors of 15109151.
61, 247691
What are the prime factors of 3673201536?
2, 3, 3188543
List the prime factors of 322971854.
2, 113, 131, 10909
List the prime factors of 2024218767.
3, 674739589
List the prime factors of 213226036.
2, 17, 3135677
List the prime factors of 15140929.
19, 29, 27479
What are the prime factors of 28568900?
2, 5, 109, 2621
What are the prime factors of 1182410075?
5, 7, 11, 421, 1459
List the prime factors of 437091891.
3, 145697297
List the prime factors of 1157574927.
3, 1373, 281033
What are the prime factors of 2772699887?
19, 23, 6344851
List the prime factors of 952653767.
13, 23, 3186133
What are the prime factors of 505715276?
2, 11, 31, 370759
List the prime factors of 47331167.
13, 3640859
What are the prime factors of 2388311579?
31, 3061, 25169
What are the prime factors of 1884871470?
2, 3, 5, 67, 937747
List the prime factors of 74201236.
2, 18550309
List the prime factors of 190284937.
89, 2138033
What are the prime factors of 21873952?
2, 523, 1307
List the prime factors of 614131458.
2, 3, 53, 179, 10789
List the prime factors of 462223647.
3, 37, 1388059
List the prime factors of 7050529.
17, 414737
List the prime factors of 93298583.
7, 1453, 9173
List the prime factors of 285486777.
3, 227, 139739
What are the prime factors of 94856334?
2, 3, 137, 167, 691
What are the prime factors of 6333865?
5, 107, 11839
What are the prime factors of 79161762?
2, 3, 89, 148243
What are the prime factors of 4931092?
2, 71, 97, 179
What are the prime factors of 6408962565?
3, 5, 1487, 287333
What are the prime factors of 2680167717?
3, 99265471
List the prime factors of 161841955.
5, 11, 17, 179, 967
What are the prime factors of 438679244?
2, 149, 736039
What are the prime factors of 605741079?
3, 73, 2765941
What are the prime factors of 1484784?
2, 3, 7, 491
What are the prime factors of 982917077?
167, 5885731
What are the prime factors of 487707566?
2, 61, 3997603
What are the prime factors of 2208970473?
3, 461, 563, 2837
What are the prime factors of 211704753?
3, 13, 79, 68713
What are the prime factors of 42962862?
2, 3, 29, 246913
What are the prime factors of 21711051?
3, 804113
List the prime factors of 236175810.
2, 3, 5, 13, 37, 1259
What are the prime factors of 3106170916?
2, 241, 3222169
What are the prime factors of 5727426?
2, 3, 954571
List the prime factors of 1239725597.
11, 53, 2126459
What are the prime factors of 9637124?
2, 7, 49169
List the prime factors of 1939686441.
3, 7, 11, 43, 195277
What are the prime factors of 371966827?
773, 481199
What are the prime factors of 783346275?
3, 5, 1160513
List the prime factors of 54026785.
5, 19, 61, 9323
List the prime factors of 6961194.
2, 3, 17, 7583
What are the prime factors of 27089038?
2, 67, 113, 1789
List the prime factors of 961376309.
31, 89, 348451
List the prime factors of 56354775.
3, 5, 349, 2153
What are the prime factors of 436693044?
2, 3, 2131, 17077
What are the prime factors of 20420505?
3, 5, 7
What are the prime factors of 781386873?
3, 4721, 55171
What are the prime factors of 53259062?
2, 17, 659, 2377
What are the prime factors of 5625063?
3, 625007
List the prime factors of 922487837.
277, 3330281
What are the prime factors of 65040232?
2, 17, 31, 15427
What are the prime factors of 198468351?
3, 22052039
What are the prime factors of 105881283?
3, 3921529
List the prime factors of 10774085.
5, 7, 307831
List the prime factors of 30468052.
2, 1709, 4457
List the prime factors of 361178061.
3, 41, 2936407
List the prime factors of 58113473.
11, 5283043
What are the prime factors of 42321113?
19, 59, 1987
List the prime factors of 192652901.
7, 379, 72617
What are the prime factors of 9164701?
7, 13, 61, 127
List the prime factors of 205403.
11, 71, 263
What are the prime factors of 15282085?
5, 7, 13, 33587
What are the prime factors of 439854947?
7, 62836421
List the prime factors of 51281572.
2, 97, 132169
What are the prime factors of 3110339?
3110339
List the prime factors of 179380227.
3, 13, 4599493
List the prime factors of 615897975.
3, 5, 7, 11, 106649
List the prime factors of 2064771372.
2, 3, 103, 1670527
List the prime factors of 74194959.
3, 281, 283, 311
What are the prime factors of 1042845608?
2, 7, 18622243
List the prime factors of 595185234.
2, 3, 7, 643, 22039
What are the prime factors of 31781499?
3, 73, 145121
List the prime factors of 128364638.
2, 64182319
What are the prime factors of 299806417?
299806417
What are the prime factors of 23399402?
2, 13, 107, 647
List the prime factors of 50708462.
2, 7, 89, 40697
List the prime factors of 424957224.
2, 3, 2803, 6317
List the prime factors of 1945876438.
2, 11, 2699, 32771
List the prime factors of 180876670.
2, 5, 13, 487, 2857
What are the prime factors of 940318384?
2, 23, 2555213
List the prime factors of 218748449.
218748449
List the prime factors of 306850033.
7, 257, 281, 607
What are the prime factors of 861067844?
2, 7, 13, 181967
What are the prime factors of 872405153?
109, 8003717
What are the prime factors of 4038802949?
41, 98507389
What are the prime factors of 380884022?
2, 190442011
List the prime factors of 2529844727.
23, 479, 229631
What are the prime factors of 1677575625?
3, 5, 11, 163, 499
What are the prime factors of 63728614?
2, 17, 59, 31769
What are the prime factors of 387794745?
3, 5, 13, 662897
What are the prime factors of 43298427?
3, 71, 203279
What are the prime factors of 3815203445?
5, 67, 709, 16063
List the prime factors of 259370049.
3, 4663, 18541
List the prime factors of 288334012.
2, 89, 419, 1933
List the prime factors of 1309558741.
1309558741
List the prime factors of 712801307.
5179, 137633
What are the prime factors of 332181617?
19, 23, 760141
List the prime factors of 30785039.
149, 307, 673
What are the prime factors of 127417691?
127417691
What are the prime factors of 116009706?
2, 3, 19, 853, 1193
List the prime factors of 12521398.
2, 73, 139, 617
What are the prime factors of 2986895330?
2, 5, 239, 1249747
What are the prime factors of 76091